 - 2*z = -20, q = -q + 5*z - v. List the prime factors of q.
5
Let w(d) = -d**2 + 9*d - 9. Let n be w(6). Suppose -7*r - 14 = -n*r. List the prime factors of r.
7
Let m = 16 + -11. Suppose -a - 3*a + 3*c + 58 = 0, 4*c - m = -a. List the prime factors of a.
13
Let p = -174 + 388. What are the prime factors of p?
2, 107
Let a(x) = -2*x**2 + x**2 - 2*x + 1 + x - x**3. Let l(f) = -3*f**3 - 9*f**2 - 8*f + 9. Let b(o) = -2*a(o) + l(o). What are the prime factors of b(-6)?
7
Let n = -8 + -1. Let q = n + 7. Let i = q - -5. What are the prime factors of i?
3
What are the prime factors of 192/(8/((-80)/(-15)))?
2
Let h(x) = x**2 + 5*x - 5. Let a be h(-6). Let k be -10*a/(15/36). List the prime factors of ((-6)/4)/(9/k).
2
Let h = 122 + 26. Suppose 0*t = 4*t - h. What are the prime factors of t?
37
Let o = 100 - 28. Suppose j - 2*j = 4*k - 33, o = 4*j + k. What are the prime factors of j?
17
Let k be 0/(-1) - 10/(-2). Suppose -2*i + 10 = 2*v, -k*i + 0*i - 3*v = -33. List the prime factors of 1/(i/6)*15.
2, 5
Let d(n) be the second derivative of 7*n**3/6 - n**2/2 - 2*n. Let z be d(3). Let x = -10 + z. List the prime factors of x.
2, 5
Let l(s) = s**3 + 8*s**2 - 7*s - 4. What are the prime factors of l(-8)?
2, 13
List the prime factors of (0 - 48/14)/(72/(-1764)).
2, 3, 7
Suppose -4*f + 286 = 5*d, 118 = d + d - 2*f. What are the prime factors of d?
2, 29
Let u(f) = 1 - 2*f**3 - 4*f**3 - 12*f + 13*f. List the prime factors of u(-1).
2, 3
Let h(s) = -s**3 + 5*s**2 + 4*s + 8. Let g be h(8). What are the prime factors of g/(-32) - (-6)/(-8)?
2
Suppose -43 + 4 = -w. Suppose j + w = 4*j. Suppose -5*t + j = -32. List the prime factors of t.
3
Let v(b) = -9*b + 15. List the prime factors of v(-5).
2, 3, 5
Let y(n) = 9*n**2 + n. Let m = 6 + -7. List the prime factors of y(m).
2
Suppose -c + 2*c - 3*n = -5, -2*c - 16 = -4*n. Let t(q) = q**2 + 12*q + 9. What are the prime factors of t(c)?
37
Let u = 37 + -12. Suppose 0 = 3*z - 8*z + u. What are the prime factors of z?
5
List the prime factors of ((-3)/6)/((-1)/96).
2, 3
Let m(d) = d**3 - d**2 - d + 2. Let a be m(2). Suppose -a*v - 71 - 21 = 0. Let b = -15 - v. List the prime factors of b.
2
Let v be 3/9*1*6. Suppose -v*l - 3*l - 12 = 2*k, 2*k - l = 12. Suppose 16 + 0 = k*z. List the prime factors of z.
2
Suppose 33 = -4*d - 5*v, -4*d + 3*v + 2 = -5. What are the prime factors of 10/(-3)*9/d?
3, 5
Let f be 12/((-9)/(-11) - 1). Let o be f/(-8) + (-3)/12. Suppose 3*x - o = -x. List the prime factors of x.
2
Let x(m) = 12*m + 1. Let s be x(1). Let f be 33/27 + (-4)/18. Suppose f = -4*c + s. List the prime factors of c.
3
Let r(c) = c**3 + 8*c**2 + 5*c + 5. List the prime factors of r(-7).
19
Let s(j) = j**2 + 2*j + 5. What are the prime factors of s(4)?
29
Let b(x) = -10*x + 1. What are the prime factors of b(-1)?
11
Suppose -28 + 6 = a. Let l be a/(-3) - (-6)/9. Let w = 13 - l. What are the prime factors of w?
5
Let k = 0 - -3. Suppose -k*o + 3*v + 147 = 0, 82 + 31 = 2*o + v. What are the prime factors of o?
2, 3
Let n(s) = -s**2 + 8*s - 2. Suppose 0 = -4*o - 3*r + 8, 5*o - 5*r + r - 41 = 0. List the prime factors of n(o).
13
Suppose 4*d - 1 = 19. Suppose 3*g = -g - p + 65, -d*p = -2*g + 27. Suppose 5*a - 76 + g = 0. List the prime factors of a.
2, 3
Let m(r) = -3*r**3 - 3*r**2 - 4*r - 2. Suppose -5*k - 20 = -5. Let u be (-2)/1 - 0/k. What are the prime factors of m(u)?
2, 3
What are the prime factors of (-1508)/(-12) + 20/15?
127
Suppose 0 = 2*d + 2*p - 80, -d - 12*p = -14*p - 25. List the prime factors of d.
5, 7
Let h(n) = 2*n**3 - 4*n**2 + n - 1. Let m be h(3). What are the prime factors of 12/m - (-32)/5?
7
Let v = 4 - -5. Suppose 2*g + 4*l - 30 = 0, -g - 11 = -5*l + v. Suppose -g*q + 14 = -1. List the prime factors of q.
3
Let s(h) = -28*h - 5. List the prime factors of s(-9).
13, 19
Suppose 124 = 2*h + 2*h. List the prime factors of h.
31
Suppose 4*b - 28 = 5*w - w, -13 = b + 3*w. Suppose -18 + b = -4*j. List the prime factors of j.
2
Suppose 2 = -3*j + 17. Suppose -5*m + 14 = j*u - 26, 5 = m. List the prime factors of u.
3
Let i(b) = -2*b + 1. Let v be i(-2). Suppose v*u = -2*q - 3*q + 125, 3*u - 80 = -4*q. What are the prime factors of u?
2, 5
Suppose 4*p = 3*q + 12, -4*q = 3*p - 8*p + 15. Suppose 0 = -p*d - 2*d + 120. What are the prime factors of d?
2, 3
Suppose -3*b + 2*n + 241 = -0*n, 236 = 3*b - n. What are the prime factors of b?
7, 11
Let j(k) be the second derivative of -k**5/20 + 3*k**4/4 - 7*k**3/6 + 3*k**2 + k. Let q be j(8). Suppose q = b + 3. What are the prime factors of b?
11
Suppose 0 = 2*m - 3*j + 9, -7 = 2*m - 4*j + 1. Let g(x) = -5*x - 5. What are the prime factors of g(m)?
5
List the prime factors of 4/(52/44 - 1).
2, 11
Let h(v) = v**2 + 8*v - 5. What are the prime factors of h(11)?
2, 3, 17
Let u(v) = v + 3. Let o be u(1). List the prime factors of (-1)/2 + 226/o.
2, 7
Let n(w) = -w**3 + 15*w**2 - 13*w - 12. Let x be n(14). Suppose -x*y - 20 = -l, -l + 6*l + y - 45 = 0. List the prime factors of l.
2, 5
Let z(t) = 9*t**3 + 4*t - 3. Let r be z(2). Let w = r + -110. Let g = -20 - w. List the prime factors of g.
13
Suppose -3*t + 17 = -7. Suppose -4*w + 12 + 36 = 0. Let i = w - t. What are the prime factors of i?
2
Suppose -11*l + 8*l + 66 = 0. What are the prime factors of l?
2, 11
Suppose g + 0 = 32. List the prime factors of g.
2
Let w = -28 - -20. Let o = w - -13. Suppose -b = o*n - 37, 4*b - 22 = -5*n + 6. What are the prime factors of n?
2
Let d(k) = k**3 - 10*k**2 + 10*k + 6. Suppose -5*z - 2*x - 5 = -52, 5*z + x = 46. What are the prime factors of d(z)?
3, 5
Suppose 4*t - 3*n = -n + 1050, -4*t + 1025 = 3*n. List the prime factors of t.
2, 5, 13
Suppose r - x - 4*x = 46, 2*r - 3*x = 120. What are the prime factors of r?
2, 3, 11
Let l(n) = -58*n - 3. What are the prime factors of l(-2)?
113
Let b = 88 + -25. Let z = -40 + b. List the prime factors of z.
23
Let g be (14/6)/((-2)/(-12)). Suppose k - 2*n - g = -4*n, -2*k + 1 = -5*n. Let l = -3 + k. List the prime factors of l.
5
Let y = 132 - 68. List the prime factors of y.
2
Let o be (-1 + 44/8)*-4. Let d = o + 40. List the prime factors of d.
2, 11
Let o(p) = 2*p - 3. Let d = 2 - 6. Let l(k) = -k + 4. Let m(y) = d*l(y) - 3*o(y). What are the prime factors of m(-6)?
5
Suppose 3*l - 97 = -h, h - l - 24 - 69 = 0. What are the prime factors of h?
2, 47
Let a(m) be the third derivative of 7*m**4/24 + m**3/6 - m**2. Let v be a(-1). Let r = v + 11. What are the prime factors of r?
5
Let o be (-297)/(-63) + (-2)/(-7). Suppose -19 = -2*j + o*f, 4*j - 2*f = -f + 83. List the prime factors of j.
2, 11
Suppose 2*s - 37 + 3 = 0. Let n = 7 + s. List the prime factors of n.
2, 3
Suppose g - 11 = -x + 3*g, 0 = -x + 3*g + 14. List the prime factors of x.
5
Let y = 9 + -9. Suppose y*q = -2*q. Suppose -5*x + 15 = -q*x. List the prime factors of x.
3
Suppose -5 = -5*p + 4*p. Let t(c) = c - 3. What are the prime factors of t(p)?
2
Let f(d) = -3*d - 3. Let z(a) = -2*a + 11. Let q be z(8). What are the prime factors of f(q)?
2, 3
Let o = -18 + 3. List the prime factors of (-243)/o - (-1)/(-5).
2
Let b = 6 + -2. Suppose 44 = b*t + 176. What are the prime factors of (t/(-11))/((-6)/(-40))?
2, 5
Let b(r) be the first derivative of r**3/3 + 12*r + 9. List the prime factors of b(0).
2, 3
Let t(y) = -91*y - 24. List the prime factors of t(-4).
2, 5, 17
Suppose -l = -3*l. Let v(p) = -p**2 - 8*p - 7. Let t be v(-6). Suppose -t*c + 29 - 4 = l, -2*s + 43 = 5*c. List the prime factors of s.
3
Let m be ((-72)/(-16))/((-2)/(-12)). Let f = 26 + m. List the prime factors of f.
53
Suppose 65*n = 67*n - 34. List the prime factors of n.
17
Let x(q) = q**3 + q**2 - q. List the prime factors of x(2).
2, 5
Suppose -4*m = 4*z + 228, 2*z + 10 = -3*z. Let c = -17 - m. List the prime factors of c.
2, 19
Let y be (4 - (-22)/(-6))*3. Let a(x) = 22*x**2 - 2*x + 1. List the prime factors of a(y).
3, 7
Let s be (-1)/5 - 51/(-5). What are the prime factors of 312/30 - 4/s?
2, 5
Let v be ((-6)/8)/((-4)/208). Let m = v + -28. What are the prime factors of m?
11
Let q(a) = 6*a + 5. What are the prime factors of q(5)?
5, 7
List the prime factors of ((-62)/(-8))/(13/104).
2, 31
What are the prime factors of (497/(-14))/(4/(-8))?
71
Let s = -8 - -46. List the prime factors of s.
2, 19
Let 